. Calculate x(b).
9
Let p(s) = s**2 - 2*s + 1. Let x(u) = -71*u + 150. Let w be x(5). Let t = w + 202. What is p(t)?
16
Let j(w) be the third derivative of 0*w + 161*w**2 + 0 - 1/30*w**5 - 1/24*w**4 + 1/3*w**3. Calculate j(3).
-19
Let q(k) = -k**2 - 8*k - 4. Let z be q(-8). Suppose -17*h = -19*h. Let g(r) = 6*r - 5*r - r - r - 2 + h*r. What is g(z)?
2
Let j(f) = -5*f + 92. Let p be j(19). Let a(m) = -32. Let z(u) = -u - 17. Let s(w) = p*a(w) + 5*z(w). Determine s(5).
-14
Let t be -1 + -5*16/(-20). Let g(p) be the third derivative of p**4/6 - 2*p**3/3 - 11*p**2. Let k(x) = 1. Let f(i) = g(i) + 2*k(i). Calculate f(t).
10
Let t(k) = 2*k**3 + 17*k**2 - 8*k - 41. Let s(l) = -l**3 - 9*l**2 + 5*l + 23. Let p(c) = -7*s(c) - 4*t(c). Let z = -7 - -3. What is p(z)?
-1
Let x(i) be the first derivative of 5*i**2/2 - 4*i + 1. Let h(a) = -11*a + 10. Let z(f) = -2*h(f) - 5*x(f). Determine z(-2).
6
Let a(v) = -6*v + 2*v**3 - 954 - 5*v**3 - 949 - 4*v**2 - 954 + 2854. Calculate a(-3).
60
Let o(a) = -a**2 + a + 12. Suppose -2*q + 19 = 3*u, 4*q + 2*u - 23 = 3. What is o(q)?
-8
Suppose -b + 2*s = -5 + 2, -4*b - 5*s - 40 = 0. Let u(p) = p**3 + 7*p**2 + 3*p - 11. Let w be u(b). Let a(v) = 3 + v**2 + 16*v + 4*v - w*v. Give a(3).
0
Let u(s) = 3*s**2 + s - 1. Let f(m) = -5*m**2 + 6*m + 8. Let v(t) = -f(t) - 2*u(t). Let y be 3 + (2 - (1 + 2)). Let j = -10 + y. Determine v(j).
-6
Let z(v) = -4*v + 95. Suppose -3*b - 60 + 79 = -50. Determine z(b).
3
Let h(p) be the first derivative of -1/4*p**4 - 1/2*p**2 - 5*p + 41 - 3*p**3. What is h(-9)?
4
Let p(q) = 9*q - 265. Let v(n) = 1493*n - 8929. Let b be v(6). Determine p(b).
-4
Let t(q) = 4*q**3 - 2*q - 13 - 2*q**2 + 16 - 15 + 13. What is t(2)?
21
Let y be 25/(-7)*-1 - ((-80)/(-28))/5. Let a(r) = -7*r + 2. Determine a(y).
-19
Let c(w) be the first derivative of -w**3/3 + 19*w**2/2 - 89*w - 958. Calculate c(13).
-11
Let c(v) be the third derivative of -v**8/20160 - v**7/630 - v**6/180 + 13*v**5/15 - 124*v**2. Let f(t) be the third derivative of c(t). Determine f(-6).
8
Let r(z) = -z**2 + 11*z - 26. Let f be (24/14)/((-346)/(-1211)). What is r(f)?
4
Let c(p) = -2*p**2 + 10*p - 6. Suppose -91 = -5*r - 81. Let y be (r - -2) + 18/18. Give c(y).
-6
Let q(g) = -g**3 + 6*g**2 + 37*g + 31. Let d be (-9)/((-54)/(-30))*(0 + -2). Calculate q(d).
1
Let r be 1 + 4 - (-14 - -24). Let k(l) = l**2 - 7. Let s be k(-3). Let w(q) = -5*q**s - 1 + 0*q**3 + q**3 - 2*q**3 + 3*q. Determine w(r).
-16
Let l(t) = -t + 10. Let x be 666/(-10) + 138/30 + -5. Let v = x + 60. What is l(v)?
17
Let r(v) = -231 - 10*v - 227 - 8*v**2 - 237 + 685 + 9*v**2. Determine r(6).
-34
Let t(s) be the second derivative of -s**3/2 + 17*s**2/2 + 434*s + 1. Calculate t(9).
-10
Let x(a) = -14*a + 7. Let q(c) = 1 - 22*c + 2*c + 18*c. Let n(w) = -6*q(w) + x(w). Determine n(-2).
5
Let p = 23048 + -23054. Let r(b) = -b**3 - 3*b**2 + 12*b - 15. Determine r(p).
21
Let g(u) = -3*u + 16. Suppose 0 = -4*p - 3*p + 28. Let n be g(p). Let q(b) = n + 3 - b - 3 - 16. What is q(-9)?
-3
Let p(h) = -5*h**3 + 7*h**2 - 23*h + 17. Let n(d) = d**3 + d**2 + 3*d - 2. Let j(q) = 4*n(q) + p(q). What is j(8)?
113
Let j(h) be the second derivative of -h**3/6 - 5*h**2 + 941*h. Calculate j(-4).
-6
Let o = 116 - 114. Let d(y) = -8 + 3*y + 10*y - 9*y + y**o. Calculate d(-5).
-3
Let t(i) be the second derivative of -i**5/10 - i**4/3 + i**3/6 + i**2/2 + 35*i. Let y be 4*5/2 - 2. Suppose -z - 9 = z + 3*v, 0 = -z - 5*v - y. Determine t(z).
16
Let j(d) = -2*d - 2. Let f(o) = 5*o**2 + 12*o + 21. Let h(i) = -f(i) - 3*j(i). Let m(a) = 9*a**2 + 11*a + 27. Let k(y) = -7*h(y) - 4*m(y). Determine k(-2).
-3
Let v(n) = 8*n**3 - 49*n**2 + 5*n - 4. Let m(o) = 5*o**3 - 28*o**2 + 3*o - 2. Let s(q) = -5*m(q) + 3*v(q). Determine s(-3).
-38
Let h(q) be the first derivative of q**7/840 + q**6/360 + q**4/12 + 4*q**3/3 - q**2 - 1. Let m(z) be the third derivative of h(z). Give m(0).
2
Let l = 37330 + -37320. Let n(q) = -q**3 + 8*q**2 + 13*q + 80. Determine n(l).
10
Let p = -12 + 5. Let w(x) = 2*x**2 - 3*x - 2. Let n(h) = 5*h**2 - 7*h - 5. Let z(m) = p*w(m) + 3*n(m). Let s = 1 + -2. Calculate z(s).
0
Let a(r) be the first derivative of -31*r**2/2 - 160*r - 1638. What is a(-5)?
-5
Let x(r) = -r**2 + 8*r - 7. Let y(m) be the second derivative of m**4/12 + m**3 - 83*m**2/2 + 110*m. Let z be y(-13). Give x(z).
-7
Let y be 22 + (-7)/((-7)/3). Let g be 3 - 5/(y/(-80)). Let b(h) = -5 - 4 - 2*h**3 - g*h - h**2 + h**3 + 20*h. What is b(0)?
-9
Let y(u) = -u**2 + 14*u - 1. Let j be 36 + -25 - ((-4)/14 - 2/(-7)). Give y(j).
32
Let x = -4075 - -4070. Let t(u) = -7*u - 45. Give t(x).
-10
Let c be -2*(-2 - 9/(-6)). Let h(i) = 2 - 35*i - 41*i**2 + 17*i - 20 + 22*i. Let l(q) = 10*q**2 - q + 4. Let d(a) = -2*h(a) - 9*l(a). Calculate d(c).
-7
Let l be -1*6/(-27) + 44/(-36). Let f(k) = 2*k - 430. Let b(s) = 43. Let d(z) = 10*b(z) + f(z). Calculate d(l).
-2
Let z be ((-32)/(-20) - -1) + 4/10. Let s(o) = -2*o + 2 + 3*o**2 - o**3 - 11*o**2 + z*o**2. Suppose -4*y + 0*y - 16 = 0. What is s(y)?
-6
Suppose -12 = -4*u, 3*w - 4*u - 21 = -7*u. Let i(n) = 2*n**3 - 13*n**2 + 17*n - 8. Let q be i(7). Let h(f) = -f**3 + 77 - q + f + 80 + 3*f**2. Give h(w).
-15
Let q(r) = -31*r + 24. Let m(f) = -36*f + 25. Let s(c) = -6*m(c) + 7*q(c). Give s(12).
6
Let u(d) = 2*d + 5. Suppose -3*r + 54 = 3*k - 7*r, k - 29 = 5*r. Suppose -k*x - 10 = 74. Give u(x).
-7
Let d(h) = 5*h + 9. Suppose 31*a - 64 = 2*a + 13*a. Calculate d(a).
29
Suppose -53 = -22*v - 251. Let j(a) = 3*a - 16. Let i(f) = 4*f - 16. Let l(u) = 4*i(u) - 5*j(u). Determine l(v).
7
Let t(l) = 32*l + 1169. Let m(d) = -19*d - 779. Let a(w) = -8*m(w) - 5*t(w). Give a(48).
3
Let m(y) = y**3 + y**2 + 5. Let h = 129 + -63. Let o = h - 62. Suppose -2*u + 6*u - 2*l = 0, -5*l = -o*u. Determine m(u).
5
Suppose -p - 31 = p - 5*x, 0 = 5*p + 6*x + 96. Let u(o) = 2*o**2 + 58*o + 390. Calculate u(p).
-6
Let k(z) = -z**3 - 5*z**2 - 4*z - 3. Suppose 361 = 2*a + 367. Determine k(a).
-9
Let b(n) = -11*n**2 - 2*n + 1. Let c = -322 + 330. Suppose -5*w - 3*o + 17 = 0, -4*o - 18 = -2*w - c*o. Determine b(w).
-12
Let y(z) = -3*z - 4. Let u be 4 - 1*(1 - 2). Suppose 26 = -u*f - 9. Give y(f).
17
Let p(g) = 6*g + 7. Let m be 1472/230 + (-2)/5 - 22. Let n be ((-33)/(-4))/(-3) + 4/m. What is p(n)?
-11
Suppose -2*i - 3 = x, 10 = -i - 3*x + 1. Suppose 4*u = -2*d - 84, -4*u - d - 83 - 1 = i. Let a = u - -15. Let t(m) = -3*m - 6. Determine t(a).
12
Let u(h) = -h**2 + 1. Let q(d) = 4*d**2 - 2. Let i(g) = q(g) + 3*u(g). Let k(f) = -2*f**2 + 16*f - 23. Let n(w) = -3*i(w) - k(w). Calculate n(-17).
3
Let j(t) = 37 + 14 + 3*t + 22 - 33. What is j(-10)?
10
Suppose -5*u = 2*d + 2, -2*u + 35 = -4*d + 31. Let a(g) = 40*g**3 + g**2 + g. Calculate a(d).
-40
Let h(k) = -30*k**2 + 21*k**2 + 0 - 7*k + 20*k - 15 + 10*k**2. Let l(s) = -s**3 - 2*s**2 + 2*s - 1. Let p be l(2). Calculate h(p).
-15
Let n(k) be the third derivative of -k**6/40 + 23*k**5/60 + 5*k**4/12 + 5*k**3/3 - 8394*k**2 + 1. Calculate n(8).
26
Suppose -50 = -0*y - 5*y. Let q(f) = -24*f**3 + 31*f**2 - 167*f + 31. Let c(u) = -13*u**3 + 16*u**2 - 91*u + 16. Let x(g) = -11*c(g) + 6*q(g). Calculate x(y).
0
Let s be (-144)/(-3528) + (-1015)/(-1029)*3. Let t(r) = 4*r**3 + 9*r**2 - r + 7. Let y(x) = 3*x**3 + 6*x**2 - x + 5. Let p(z) = 5*t(z) - 7*y(z). Give p(s).
6
Let r(q) = -q**3 + 3*q**2 - 1. Let z be (6/4)/((-4)/(96/(-9))). Suppose -g + z*g = s - 2, -2*g + 2 = s. Determine r(s).
3
Let l(x) = 10*x - 28. Let g(c) = -30*c + 78. Let h(q) = -4*g(q) - 11*l(q). Give h(4).
36
Suppose -5*m - 18 = -b, -3*b - 2*m + 8 = 22. Let w be (-14)/b - -3*(-2 + 1). Let h(l) = 7*l - 1. Calculate h(w).
27
Suppose -2*f - 392 = -z, -5*f + 870 = 3*z - 295. Suppose 18*u + z = 24*u. Let q = 68 - u. Let y(o) = -o**2 + 3*o - 3. What is y(q)?
-3
Suppose 3*t + 28 - 7 = 3*a, -t - 17 = -3*a. Let l(m) = 4*m**2 + 7*m - 1. Let n be l(t). Let s(q) = -2*q + 2. Give s(n).
0
Let y(o) = -77*o**2 - 41*o - 1. Let r(s) = 103*s**2 + 54*s + 1. Let u(m) = -3*r(m) - 4*y(m). Let q be (-1 - 5/(-2))*2. Determine u(q).
-2
Let f(v) be the first derivative of 26 + 1/2*v**2 - 2/3*v**3 + 0*v. What is f(1)?
-1
Let o = 1193 + -1194. Let p be -3 + 1 + 2 + 1. Let y(f) = p + 35*f**2 - 9*f**3 + 2*f - 35*f**2. What is y(o)?
8
Let f(a) = -a**3 - 15*a**2 + 13*a - 39.